 prime factors of (6 - 1)/(-1) - (58 + i)?
3, 181
Suppose -4*v + 1607 + 1492 = -m, -3*v - 5*m = -2330. Suppose -10*u + 11*u = v. What are the prime factors of u?
5, 31
Suppose 5*t - 3*n = 4467, 8*t - 4*n = 9*t - 898. Suppose -3*b = 3*d - t, -3*b - 2*d + 919 = -4*d. List the prime factors of b.
3, 101
Let t be (-22)/55 + 13/(-5). Let p(y) = -10*y + 1. Let l be p(t). Let x = -25 + l. List the prime factors of x.
2, 3
Let c = -488 + 329. Let o = c + 241. What are the prime factors of o?
2, 41
Suppose 0 = j + 2*c + 3367, 54*c + 13479 = -4*j + 57*c. Let u = j - -5095. What are the prime factors of u?
2, 863
Suppose 5*o - 12583 = 39798 + 4009. What are the prime factors of o?
2, 5639
List the prime factors of ((4 + 50)/6)/(-3 + 7040/2345).
3, 7, 67
Let t(y) = 51*y**2 + 4*y - 363. What are the prime factors of t(26)?
34217
Suppose -4*w + 454 = -6*w - c, 0 = w + 3*c + 222. List the prime factors of 771*1*w/(-171).
2, 257
Suppose -4*z + 32320 = 2*b, 146*b - 143*b + 3*z - 48483 = 0. List the prime factors of b.
2, 8081
Suppose z - 2*x + 107 = 75, x + 110 = -4*z. Suppose 0 = -2*w - f + 8 + 9, -4*f + 18 = 3*w. What are the prime factors of ((-104)/w)/(z/350)?
2, 5, 13
List the prime factors of 54/(-1809) - (-5159337)/67.
5, 15401
Let t(u) = 2*u**2 - 14*u - 14. Let g be t(8). Suppose q - g*q = -3*l + 8, -4*q - 4*l = -32. List the prime factors of q.
2
Let l(j) = -2016*j + 3. Let c be l(-1). Let n = 2862 - c. What are the prime factors of n?
3, 281
Suppose 14*h = -21*h + 228305. List the prime factors of h.
11, 593
Suppose 0 = 2*s + h - 12, 3*s - 4*h - 10 = -3. Suppose 4*j - 3*r = 3778, -s*j + r = -4*j - 945. List the prime factors of j.
23, 41
Suppose 383977 = -258*w - 47197 + 2662874. List the prime factors of w.
2, 5, 173
Suppose 72*z - 3600 = 60*z. Let o = 1035 - z. List the prime factors of o.
3, 5, 7
What are the prime factors of 0 - 2897/(-2)*(-136)/(-34)?
2, 2897
Suppose 17*z - 20*z + 9 = 0. Let s(n) = -39*n**3 + 21*n**z - 5 + 17*n**3 + 11*n**2 - 10*n. List the prime factors of s(7).
11
Suppose -10*m - 113 - 237 = 0. Let i = m + 33. List the prime factors of 74/(-1 + -3 + (-9)/i).
2, 37
Let d be (-40)/16 + 410/(-4). Let l = d - -519. What are the prime factors of l?
2, 3, 23
Let t = -146 + 30. Let n = 271 + t. What are the prime factors of n?
5, 31
Let r be 4 - ((4 + -3)*7 + -3). Suppose r = 10*y - 414 - 2806. List the prime factors of y.
2, 7, 23
Let x be ((-135)/45)/(2 + -4 + 1). Let d(c) = 10*c + 12 - 3 - 4*c + 6*c. What are the prime factors of d(x)?
3, 5
Suppose -22 = -6*s - 5*s. Let k(l) = l**3 - 307*l**s + 159*l**2 + 2*l + 153*l**2 + 21. What are the prime factors of k(-5)?
11
Let h be 21 + -20 - (-1 - 2). Suppose h*t + 0*y = y + 495, 0 = -2*t + 4*y + 258. What are the prime factors of t?
3, 41
Let d(g) = -2*g**3 - 18*g**2 - 18*g - 18. Let a be d(-8). List the prime factors of ((-1210)/(-20))/(a/(-4)).
11
Let l be (4/24)/((-1)/2)*0. Suppose -13*h + 1196 + 871 = l. What are the prime factors of h?
3, 53
Let x = 82629 - 49507. List the prime factors of x.
2, 16561
Suppose -11*w + 17779 = -2408 - 3331. List the prime factors of w.
2, 1069
Let h = -29 + 29. Suppose h = -l + 11 - 9. Suppose -l*k = 2*f - 3*k - 133, -4*f - 5*k = -245. List the prime factors of f.
5, 13
List the prime factors of 124 + -129 - 1/(73195/(-36597) + 2).
2, 2287
Let k(q) = -81*q**2 - 477*q + 477. Let b be k(1). Suppose 145 = -5*o + 55. What are the prime factors of o/b - -727*1/9?
3
What are the prime factors of 1/(((-570)/20 + 28)/((-101434)/4))?
41, 1237
List the prime factors of 70195 + -5 - (-23 + 35).
2, 35089
Let n = 1742 + 2196. Suppose 39*x - 43601 = -n. List the prime factors of x.
3, 113
List the prime factors of (103792/117 + (-4)/36)/((-1)/(-48)).
2, 3, 887
Suppose 4*m + 4*a - 21525 = 5715, 0 = 3*m + a - 20418. What are the prime factors of m?
2, 3, 7
Let p be (-1022620)/(-80) - 10/(-8). Suppose -21*q = -5*q - p. What are the prime factors of q?
17, 47
Let k(q) = q**2 - 4*q - 3. Let j be k(5). Suppose -5 = 5*h, 0 = -6*z + z - j*h + 8. Suppose 2*o - z - 154 = 0. What are the prime factors of o?
2, 3, 13
Let p(h) = 25976*h - 348. What are the prime factors of p(2)?
2, 7, 19, 97
List the prime factors of (9 + 7749 + 10 - -5) + 7.
2, 5, 389
Let n(d) = 15*d**2 - 1127*d - 88. What are the prime factors of n(90)?
2, 97, 103
Let a be (4 - (1 + 3)) + 0. Suppose a = 2*b - 916 - 778. What are the prime factors of b?
7, 11
Suppose 0 = -4*l - 3*o + 332, -4*l - 80 = o - 404. Let v = l - 78. Let p(m) = 24*m**3 - m**2 - 2*m + 6. What are the prime factors of p(v)?
2, 5, 19
Suppose -12*z + 49314 = 6390. Suppose -14*t - z = -21*t. List the prime factors of t.
7, 73
Suppose 9*o = -5*y + 14*o + 20435, 0 = y + 4*o - 4107. List the prime factors of y.
4091
Suppose 5*l - 9*l + 2*u - 2 = 0, 4*l - 5*u - 7 = 0. List the prime factors of l/6 - 10050/(-45).
223
Let s be (-2)/(-13) - (-9375)/325. Let l = s - -43. Suppose -5*d - 4*z = -0*z - l, 0 = -z - 2. List the prime factors of d.
2
Suppose 0 = -3*n + 2*y + 19576, 26*n + 2*y = 24*n + 13064. What are the prime factors of n?
2, 3, 17
Let y(o) = 609*o**2. Let g be y(1). Let h = g - 298. Suppose -9*x = -526 - h. List the prime factors of x.
3, 31
Let w = 22199 - 1575. What are the prime factors of w?
2, 1289
Suppose 6*a - 5*a = 10. Suppose 3*d + 0 = 4*y + 4, d + 3*y - a = 0. Suppose -p = d*p - 180. List the prime factors of p.
2, 3
Let k(g) = 5762*g - 2192. What are the prime factors of k(4)?
2, 3, 11, 79
Suppose 3*k - 29598 = -4*m, -m + 6*k = -1244 - 6115. List the prime factors of m.
3, 5, 17, 29
Let c be (-1 - (-8)/6)/((-5)/(-60)). Suppose -6999 = -c*f + 5*o, 3*f - 5*f - 2*o + 3504 = 0. List the prime factors of f.
17, 103
Suppose 2*c + 294 = 3380. Suppose -5*z + 2589 = -i, 3*z + 0*z - c = -2*i. What are the prime factors of z?
11, 47
Suppose 3*v = -0*v + j + 23, -2*j = -4*v + 34. Suppose -v*t + t = -45. List the prime factors of (-5 + 1)/(-2*1/t).
2, 3
Let u(a) = 176*a + 30. Let i(g) be the first derivative of -35*g**2/2 - 6*g + 11. Let y(v) = -28*i(v) - 6*u(v). What are the prime factors of y(-2)?
2, 5, 7
Suppose -5*q + 9*q - 1112 = 0. Suppose -2*s = -3*i + 810, 2*s - q = -2*i + i. List the prime factors of i.
2, 17
Let y be (2 + 2)/(-2*2/(-3)). Suppose -y*p + 310 = z, -6*p + 4*z = -2*p - 408. Suppose p = c - 29. What are the prime factors of c?
2, 3, 11
Let h = -74 + 65. Let q be ((-45)/(-10))/h*16. What are the prime factors of 77 + (q/(2 - 0) - -1)?
2, 37
Suppose 18*q + 110099 = 327035. List the prime factors of q.
2, 23, 131
Let k = -1682 - -3478. Suppose 0*r - k = -5*n - r, 12 = -3*r. What are the prime factors of n?
2, 3, 5
Let m(k) = -1 - 2 + 10*k - 39 - 46*k. What are the prime factors of m(-7)?
2, 3, 5, 7
Let d(v) = v. Let p be d(-14). Let n be (-2)/p - (-3300)/175. Suppose 0 = 23*m - n*m - 856. List the prime factors of m.
2, 107
Suppose -64*n + 15324 = -58*n. Suppose 2*l = 4*l - n. List the prime factors of l.
1277
Suppose 52520 + 39198 = 4*f + 3*g, 0 = 4*g - 24. What are the prime factors of f?
5, 7, 131
Suppose 2 = 2*o - 8. Suppose -6 + 1 = -o*t. Suppose m - 51 = t. What are the prime factors of m?
2, 13
Suppose 712 = -3*h + 4*g + 3727, 2*g - 985 = -h. List the prime factors of h.
997
Let u = -26631 + 27436. What are the prime factors of u?
5, 7, 23
Let f = 80 + -78. Let l be f*5 - (-13 + 16). Suppose -l*o + 665 = -511. What are the prime factors of o?
2, 3, 7
Let i = 5206 + -1634. Suppose -i = -3*o - o. What are the prime factors of o?
19, 47
Suppose 47 = -3*s - 4*x, 2*x - 6 = 2. Let v(w) = -w**3 - 18*w**2 + 27*w - 3. What are the prime factors of v(s)?
3, 251
Let i(x) be the second derivative of -x**5/20 - 2*x**4/3 + 17*x**3/6 + 101*x**2/2 + 131*x. What are the prime factors of i(-9)?
29
Let w = 47 - 69. Let j = 160 - w. List the prime factors of j - 2/((-2)/(-3)).
179
Suppose 6 = 3*q + z, -2*q - 4*z + 4 = -0*z. Suppose -4491 = -q*w - 7*w. What are the prime factors of w?
499
Let z = 51 - 50. List the prime factors of (z + 26/2)*23.
2, 7, 23
Let g = 2784 - -5544. List the prime factors of g.
2, 3, 347
Let r(l) = 4*l**2 + 4*l - 3. Let k be r(-2). Let g be 4 - (565 + k)/(2 - 3). Suppose 4*q + 520 = 4*z, -4*q + g = 3*z + 219. What are the prime factors of z?
5
Suppose -6*t + t = 0, 5*q + t = -t + 9770. What are the pri